ose -w = 2*w + 3, c = -3*w. Suppose 0 = c*n - 12, 3*g - g - 2*n = -2. Suppose g*j = -2*j - 5. Let h(s) = -2*s - 1. What is h(j)?
1
Let f = 60 + -65. Let x(r) be the third derivative of r**5/60 + r**4/6 + r**3/6 + 2*r**2. Determine x(f).
6
Let g(x) = 5*x**2 - 8*x - 3*x**2 - x**2 - 12 + 13. Calculate g(4).
-15
Let g(x) = -x**3 + x**2 - x + 1. Let d(t) = -10*t**2 + 3*t**3 - 1 + 2*t + 1. Suppose -4*s + 5*u + 15 = -9*s, 5 = 5*u. Let w(q) = s*g(q) - d(q). Calculate w(-5).
11
Let s(l) = l**2 + 5*l + 7. Suppose 20 - 44 = 4*p. Calculate s(p).
13
Suppose 2*b = 3*b. Suppose -a - 3 = i, b*i - 4*i - 5*a - 10 = 0. Let s(d) = -2*d - 5. Calculate s(i).
5
Let h(d) = d + d**2 + 4 - d - 1 - 3*d. Calculate h(2).
1
Let z(x) be the first derivative of -7*x**4/4 + x**2 + x - 10. Calculate z(-1).
6
Let p = 2 + -1. Let s(i) be the second derivative of i**8/3360 - i**5/120 + i**4/4 + 5*i. Let a(m) be the third derivative of s(m). Give a(p).
1
Let x(v) = -v**2 - 5*v - 3. Let h be x(-2). Let r(l) = -3*l**2 + l**3 + 3 + 1 + 3 - h. Let i(c) = c**2 + 7*c + 3. Let w be i(-7). Calculate r(w).
4
Let q(n) = -5*n - 6 - 3*n + 3*n + 3*n. Let m(x) be the third derivative of -x**4/24 + 5*x**3/6 - 2*x**2. Let w be m(9). Give q(w).
2
Let y(v) be the second derivative of 3*v**4/8 - 3*v**2 + 2*v. Let d(a) be the first derivative of y(a). Determine d(1).
9
Let r be 1*2/(-2)*(0 + 2). Let b(i) = 2*i**2 + i - 2. Calculate b(r).
4
Let k(d) be the third derivative of d**6/60 + d**5/60 - d**4/24 + d**3/6 + 3*d**2. Calculate k(1).
3
Let w(t) = 7*t + 11*t - 4*t**2 - 17*t. Let c = -18 + 11. Let o = c - -6. Calculate w(o).
-5
Let l(n) = n**2 - 4*n - 3. Let s(j) be the first derivative of -j**3/3 + 3*j**2/2 - 2*j - 3. Let g be s(3). Determine l(g).
9
Suppose 3 = 2*w - 0*w + n, -4*w - n = -11. Let f(v) = v**3 - 3*v**2 - 2*v**2 + 7*v - 4*v. What is f(w)?
-4
Let l(w) = w**3 + 29 - 2*w**2 - 2*w**2 - 14 - 16 + 3*w. Determine l(3).
-1
Let g(v) = -v**2 - 13*v - 15. Let j be g(-13). Let n be j/(-12) + 6/8. Let r(x) = 3*x**2 + x - 1. What is r(n)?
13
Let s be 2*(-2 + 4 + -3). Let z(l) = -8*l - 3. Let g(a) = -9*a - 3. Let m(w) = -6*g(w) + 7*z(w). Give m(s).
1
Let b be (1/2)/((-1)/(-78)). Suppose 0 = 5*v - b + 9. Let n(x) = 2*x - 9. Let m(h) = -h + 4. Let p(q) = v*n(q) + 13*m(q). What is p(2)?
-4
Let u(q) = -3*q - 2 - q + 2*q. Suppose -4*c - 2*n - 3 = 5, 4 = 4*c + 5*n. Give u(c).
6
Let u(a) = -2*a. Let l(k) = k**2 - 13*k + 16. Let g be l(12). Suppose -5*h = g + 6. Let y be (1/h)/((-3)/18). Give u(y).
-6
Let a(l) = -l**2 - 3*l + 5. Let z(p) = p**3 - 7*p**2 - 7*p + 2. Let y be z(8). Suppose -5*g = -3*g + y. Give a(g).
-5
Let r be ((-8)/(-6))/((-16)/(-24)). Let k(w) = 0 + 0*w**2 - 1 + 3*w**r. Give k(-1).
2
Let b(g) be the first derivative of g**3/3 - 9*g**2/2 - 4. Determine b(8).
-8
Let u(t) = -11*t - t - 4 + 4*t + 6*t. Suppose 5*l = w - 14, -2*l + 8 = -5*l + w. What is u(l)?
2
Let g(w) = -w**3 + w**2 - 2*w. Suppose 2*l = 2*h - 2, 3*l = -3*h + 5*l. Determine g(h).
16
Let u(r) be the second derivative of -5*r**4/4 + r**3/6 - r**2/2 + 28*r. What is u(1)?
-15
Let s(g) = g**2 + 6*g. Let q(i) = i - 2. Let l be q(-4). Give s(l).
0
Let b(f) be the third derivative of 0*f + 2*f**2 + 1/12*f**4 + 1/6*f**3 + 0. Give b(-1).
-1
Let c(w) = -w**2 - w + 1. Let h(b) = -b**3 - 12*b + 8. Let q(l) = -6*c(l) + h(l). Suppose -x + 16 = 3*x. Determine q(x).
10
Let r(w) be the first derivative of -w**2/2 - 4*w - 4. Let t be r(-6). Let n(y) = 4*y - 3. Calculate n(t).
5
Suppose 5*j + 14 = -11, 4*m - 5*j = 25. Suppose -2*z = 2*z, m = -5*g - z + 15. Let r(y) = -6*y + 4. Calculate r(g).
-14
Let t be (1/3)/(-1)*12. Let x(g) = -g**3 - 4*g**2 - g + 2. Determine x(t).
6
Let u(y) = -7*y + 1. Let b(l) = 3*l - 6. Let q be b(4). Let o be q/(-5) + (-1)/(-5). Let n = o - 0. Calculate u(n).
8
Let g(x) be the first derivative of x**2/2 + x + 1. What is g(4)?
5
Let z be (-6)/(-18) - 70/(-6). Let x(c) = 8*c - 2*c - 12 + z. Determine x(1).
6
Suppose 6 = 3*o - 0. Let c(j) = j + 0*j + j - o + 1 + j**2 - j**3. Give c(-2).
7
Let x(t) = 4*t**3 - 5*t**2 + t + 5. Suppose -o = -4*p - 0*p + 12, -4*p = -4*o. Let i(y) = 3*y**3 - 5*y**2 + 4. Let m(j) = p*x(j) - 5*i(j). Give m(-3).
6
Let t(k) = 2*k**2 + 2*k - 1 - 3*k**2 - 7*k**3 + 8*k**3. Calculate t(1).
1
Let y(b) = b**2 + 6*b - 4. Let x(h) be the second derivative of 2*h + 5/6*h**3 + 1/12*h**4 + 0 - 3/2*h**2. Let s(j) = 6*x(j) - 5*y(j). Give s(-2).
6
Suppose -5*y + 25 = 5. Let n(l) be the third derivative of -1/20*l**5 + 0*l - 2*l**2 - 1/8*l**y - 1/2*l**3 + 0 - 1/120*l**6. Determine n(-2).
-1
Let w(b) = b**2 + 7*b + 5. Let m be w(-6). Let g(d) be the first derivative of -3*d**4 - 2*d**3/3 - d**2 - d + 8. What is g(m)?
11
Let b(k) = 5*k + 1. Let d = 6 + -12. Let u be (-4 - d) + 1*-2. Suppose -t + u*t = 1. Determine b(t).
-4
Let o(y) = y**3 - 4*y**2 + 4*y - 1. Let p be o(3). Let q(m) = 6 - 4*m**p + 2*m**2 + 3*m**2 + 7*m. Suppose -t - 3 = 2. What is q(t)?
-4
Let d = 29 + -29. Let j(c) be the third derivative of 1/8*c**4 - 2*c**2 + d + 1/6*c**3 + 0*c. Determine j(1).
4
Let m(v) = -v**3 + 6*v**2 + 2*v - 7. Let t(j) = 5*j + 5. Suppose 0 = i - 5 - 0. Let a be t(i). Suppose -7*h = -2*h - a. Give m(h).
5
Let s(h) = 3*h**2 - 3*h + 3. Suppose -4*i - i = 2*n - 9, -5*i + 12 = n. Determine s(i).
21
Let n = -9 + 12. Suppose -2*s + 4*v = 3*s + 6, 4*s - 5*v = -n. Let h be (-52)/(-14) - s/7. Let x(r) = r**3 - 5*r**2 + 3*r + 5. Determine x(h).
1
Let z = -72 - -74. Let f(b) be the first derivative of z + 1/3*b**3 + 2*b + b**2. What is f(-3)?
5
Let f(m) = 8*m**2 - 10*m - 10. Let w(c) = -7*c**2 + 9*c + 9. Let z(i) = 5*f(i) + 6*w(i). Suppose -2*h + j + 6 = 0, -j + 2*j = h - 2. What is z(h)?
-12
Let m be (1 - 6) + 1/(-1). Let f(z) be the first derivative of -z**5/120 - 13*z**4/24 - 11*z**3/3 - 8. Let j(v) be the third derivative of f(v). Give j(m).
-7
Let a be (-4)/(-14) - (-46)/(-14). Let p be ((-11)/a + -2)*-3. Let y(x) be the second derivative of -x**3/6 - 7*x**2/2 - x. Determine y(p).
-2
Suppose -4*z - 12 = -4*c, 4 = 5*c - 21. Let h(p) = -z - p**2 + 2 + 5*p - 2. Let y = 4 + 1. What is h(y)?
-2
Let r(j) be the first derivative of 0 - j**2 + 4*j + 2*j - 2. Give r(4).
-2
Let t(a) = -1 - 6 + 7*a + 4 - 2*a - a**3 + a**2. Calculate t(3).
-6
Let c(d) = 3*d. Suppose 2*k + k + 36 = 4*p, 5*p + 4*k - 76 = 0. Let a = p - 14. What is c(a)?
-6
Let g(u) = u**2 + u. Let k be 5/2*6/5. Suppose 5*t - l = -0*l, -3*l = k*t + 18. Determine g(t).
0
Let t(u) = 5*u**3 + 10*u**2 - 8. Let h(j) = j**3 + j**2. Let o(n) = -4*h(n) + t(n). Give o(-6).
-8
Let g(d) = 4*d - 1. Let b be 2*(0 + -1*4/8). Calculate g(b).
-5
Suppose -5 - 30 = -7*t. Let b = -5 + 9. Suppose -6*a + 4*a - 14 = t*d, 4*d + b = -4*a. Let r(w) = w**3 - 3*w**2 + 3. Determine r(a).
3
Let u = 4 + -6. Let a = 4 + u. Suppose -5*d = -3*i + 5, 5*d + i + 27 - a = 0. Let b(s) = s**2 + 4*s + 4. Determine b(d).
4
Let q(l) = l + 7. Suppose -4*y - 36 = 4*c, -2*y - 1 = -y. What is q(c)?
-1
Let o be (-10)/(-4)*(-18)/(-15). Let t(p) = o - 3*p + p**2 - 1 + 4*p. Determine t(-3).
8
Let j(r) = -r + 3. Let m be j(0). Let z(n) = 4 - 5*n - 11 + 3*n. Let o(x) = x + 3. Let b(k) = 7*o(k) + 3*z(k). Calculate b(m).
3
Suppose 0*j + 14 = 2*w + j, 0 = 2*w - j - 10. Let p(k) = k - 1. Calculate p(w).
5
Let o(m) = -2*m + 6. Suppose v - 16 = -3*v. Give o(v).
-2
Let b be (-4)/6*(-9)/2. Let m(q) be the third derivative of q**4/24 - 2*q**3/3 + 12*q**2. Determine m(b).
-1
Let p(y) = 6*y**2 + 1. Let q(f) = 11*f**2 - f + 2. Let v(b) = 7*p(b) - 4*q(b). Let r(n) = -8*n**3 - n**2 - n - 1. Let m be r(-1). Let x = m - 4. What is v(x)?
-7
Let j(m) = 13*m - 6. Let i(u) = 12*u - 5. Let s(f) = -3*i(f) + 2*j(f). Give s(2).
-17
Let y(z) = z**3 - 2*z**2 - z - 6. Let p(k) = 3*k**3 - 3*k**2 - k - 12. Let g be (3 - 0)*(-2)/3. Let w(f) = g*p(f) + 5*y(f). Calculate w(-4).
6
Let d(a) = a**3 + 5*a**2 + 4*a + 1. Suppose -4*w = -w - 24. Let t = 5 - w. What is d(t)?
7
Let a(d) be the first derivative of -d**3/3 + 4*d**2 + 3*d - 9. Give a(7).
10
Suppose 0 = 4*m + f + 10, -m - 5*f = -0*f + 12. Let l(n) be the third derivative of -n**6/120 - n**5/30 + n**4/8 + n**3/2 - 2*n**2. Give l(m).
-3
Let y be 1/(-4) + (-3)/4. Suppose -w = -4*z - 9, 5*w - 2*z - 27 = -0. Let n = y + w. Let a(x) = -x**2 + 4*x + 3. What is a(n)?
3
Let x be (2 - (-3 - -1)) + -1. Suppose 1 = 